{"id":557,"date":"2024-06-23T15:43:11","date_gmt":"2024-06-23T19:43:11","guid":{"rendered":"https:\/\/rociolamichesteticayspa.com\/?post_type=product&#038;p=557"},"modified":"2026-01-05T11:03:46","modified_gmt":"2026-01-05T15:03:46","slug":"limpieza-facial-antiacne","status":"publish","type":"product","link":"https:\/\/rociolamichesteticayspa.com\/index.php\/product\/limpieza-facial-antiacne\/","title":{"rendered":"Limpieza Facial Antiacn\u00e9"},"content":{"rendered":"<p><span style=\"vertical-align: inherit;\"><span style=\"vertical-align: inherit;\"><span style=\"vertical-align: inherit;\"><span style=\"vertical-align: inherit;\"><span style=\"vertical-align: inherit;\"><span style=\"vertical-align: inherit;\">Es un tratamiento de Limpieza Facial para pieles seborreicas o mixtas y\/o sensibles, en el que, aparte de la presencia de seborrea, comedones, tambi\u00e9n pueden tener p\u00e1pulas (granos) inflamatorias. Est\u00e1 indicado por la cosmet\u00f3loga con productos espec\u00edficos.<\/span><\/span><\/span><\/span><\/span><\/span><\/p>\n","protected":false},"excerpt":{"rendered":"<p><span style=\"vertical-align: inherit;\"><span style=\"vertical-align: inherit;\"><span style=\"vertical-align: inherit;\"><span style=\"vertical-align: inherit;\"><span style=\"vertical-align: inherit;\"><span style=\"vertical-align: inherit;\">Es un tratamiento de Limpieza Facial para pieles seborreicas o mixtas y\/o sensibles, en el que, aparte de la presencia de seborrea, comedones, tambi\u00e9n pueden tener p\u00e1pulas (granos) inflamatorias.<\/span><\/span><\/span><\/span><\/span><\/span><\/p>\n<p>se recomienda una sesi\u00f3n al mes para mantener la piel limpio y oxigenada, informaci\u00f3n\u00a0adicional<\/p>\n","protected":false},"featured_media":558,"template":"","meta":{"_joinchat":[]},"product_brand":[],"product_cat":[26],"product_tag":[],"class_list":{"0":"post-557","1":"product","2":"type-product","3":"status-publish","4":"has-post-thumbnail","6":"product_cat-facial-spa","8":"first","9":"instock","10":"shipping-taxable","11":"purchasable","12":"product-type-simple"},"tiered_pricing_type":"fixed","tiered_pricing_fixed_rules":[],"tiered_pricing_percentage_rules":[],"tiered_pricing_minimum":1,"tiered_pricing_roles_data":[],"_links":{"self":[{"href":"https:\/\/rociolamichesteticayspa.com\/index.php\/wp-json\/wp\/v2\/product\/557","targetHints":{"allow":["GET"]}}],"collection":[{"href":"https:\/\/rociolamichesteticayspa.com\/index.php\/wp-json\/wp\/v2\/product"}],"about":[{"href":"https:\/\/rociolamichesteticayspa.com\/index.php\/wp-json\/wp\/v2\/types\/product"}],"wp:featuredmedia":[{"embeddable":true,"href":"https:\/\/rociolamichesteticayspa.com\/index.php\/wp-json\/wp\/v2\/media\/558"}],"wp:attachment":[{"href":"https:\/\/rociolamichesteticayspa.com\/index.php\/wp-json\/wp\/v2\/media?parent=557"}],"wp:term":[{"taxonomy":"product_brand","embeddable":true,"href":"https:\/\/rociolamichesteticayspa.com\/index.php\/wp-json\/wp\/v2\/product_brand?post=557"},{"taxonomy":"product_cat","embeddable":true,"href":"https:\/\/rociolamichesteticayspa.com\/index.php\/wp-json\/wp\/v2\/product_cat?post=557"},{"taxonomy":"product_tag","embeddable":true,"href":"https:\/\/rociolamichesteticayspa.com\/index.php\/wp-json\/wp\/v2\/product_tag?post=557"}],"curies":[{"name":"wp","href":"https:\/\/api.w.org\/{rel}","templated":true}]}}