{"id":418,"date":"2024-06-04T12:32:57","date_gmt":"2024-06-04T16:32:57","guid":{"rendered":"https:\/\/rociolamichesteticayspa.com\/?post_type=product&#038;p=418"},"modified":"2026-01-15T18:01:39","modified_gmt":"2026-01-15T22:01:39","slug":"night-cure-superconcentrado-reparador-rejuvenecedor-nocturno","status":"publish","type":"product","link":"https:\/\/rociolamichesteticayspa.com\/index.php\/product\/night-cure-superconcentrado-reparador-rejuvenecedor-nocturno\/","title":{"rendered":"Night Cure Superconcentrado Reparador Rejuvenecedor Nocturno"},"content":{"rendered":"<p>F\u00f3rmula ultra rejuvenecedora que contiene el secreto de la juventud para una piel naturalmente saludable<br \/>\nNight Cure a base de TECNOLOG\u00cdA MATRIX AGE, centella asi\u00e1tica y extracto de musgo salvaje, fusiona ciencia y conocimiento milenario para crear activos puros que potencian la formaci\u00f3n de col\u00e1geno y elastina, activa los genes responsables de la regeneraci\u00f3n cut\u00e1nea y revierte el proceso de envejecimiento celular.<\/p>\n<p>F\u00f3rmula libre de siliconas y aceites minerales.<br \/>\nIndicado para pieles con signos visibles del envejecimiento, as\u00ed como para aquellas que quieran frenar su aparici\u00f3n<\/p>\n<p>Tecnolog\u00eda<br \/>\nMATRIXYL\u00ae: anti-edad global. Potencia la formaci\u00f3n de los 6 componentes principales de la matriz d\u00e9rmica como el col\u00e1geno (I, III y IV) y el \u00e1cido hialur\u00f3nico.<\/p>\n<p>OVERNIGHT ENHANCE [MJ+C]: energizante y reparador celular que se sincroniza con los procesos de reparaci\u00f3n nocturna de la piel, perfeccionando e intensificando los procesos metab\u00f3licos que se activan durante la noche.<\/p>\n<p>CENTELLA ASI\u00c1TICA: planta originaria de Asia usada tradicionalmente en la medicina ayurv\u00e9dica con propiedades rejuvenecedoras por su alto contenido en centell\u00f3sidos y fitop\u00e9ptidos, mol\u00e9culas se\u00f1ales que revierten los signos de la edad.<\/p>\n<p>LECHE DE JOJOBA: regenerador. Activa los genes responsables de la regeneraci\u00f3n celular. Repara el col\u00e1geno y elastina da\u00f1ados.<\/p>\n<p>EXTRACTO DE MUSGO SALVAJE: hidratante anti-edad que act\u00faa de modo inteligente ya que es capaz de aportar hidrataci\u00f3n al mismo tiempo que devuelve al rostro los niveles de hidrataci\u00f3n de una piel 20 a\u00f1os m\u00e1s joven.<\/p>\n<p>Resultados<br \/>\n\u2013 Revierte el proceso de envejecimiento celular.<\/p>\n<p>\u2013 Repara y acelera los procesos de reparaci\u00f3n de la piel +72%*.<\/p>\n<p>\u2013 Disminuci\u00f3n de la profundidad de las arrugas.<\/p>\n<p>\u2013 Incrementa el \u00e1cido hialur\u00f3nico +147%* y col\u00e1geno +105%*.<\/p>\n<p>* resultados estudios cl\u00ednicos realizados.<\/p>\n<p>Tipo Piel<br \/>\nPiel madura.<\/p>\n<p>Indicado para pieles con signos visibles del envejecimiento, as\u00ed como para aquellas que quieran frenar su aparici\u00f3n<\/p>\n<p>Textura<br \/>\nSuero<\/p>\n<p>Funci\u00f3n<br \/>\n\u2013 Anti-edad global.<\/p>\n<p>\u2013 Energizante y reparador celular.<\/p>\n<p>\u2013 Revierte los signos de la edad.<\/p>\n<p>Regenerador.<br \/>\nHidrataci\u00f3n inteligente.<\/p>\n<p>Capacidad<br \/>\n30 ml.<\/p>\n","protected":false},"excerpt":{"rendered":"<p>F\u00f3rmula ultra rejuvenecedora que contiene el secreto de la juventud para una piel naturalmente saludable Night Cure a base de TECNOLOG\u00cdA MATRIX AGE, centella asi\u00e1tica y extracto de musgo salvaje, fusiona ciencia y conocimiento milenario para crear activos puros que potencian la formaci\u00f3n de col\u00e1geno y elastina, activa los genes responsables de la regeneraci\u00f3n cut\u00e1nea [&hellip;]<\/p>\n","protected":false},"featured_media":401,"template":"","meta":{"_joinchat":[]},"product_brand":[],"product_cat":[27],"product_tag":[],"class_list":{"0":"post-418","1":"product","2":"type-product","3":"status-publish","4":"has-post-thumbnail","6":"product_cat-prodcutos","8":"first","9":"instock","10":"shipping-taxable","11":"purchasable","12":"product-type-simple"},"tiered_pricing_type":"fixed","tiered_pricing_fixed_rules":[],"tiered_pricing_percentage_rules":[],"tiered_pricing_minimum":1,"tiered_pricing_roles_data":[],"_links":{"self":[{"href":"https:\/\/rociolamichesteticayspa.com\/index.php\/wp-json\/wp\/v2\/product\/418","targetHints":{"allow":["GET"]}}],"collection":[{"href":"https:\/\/rociolamichesteticayspa.com\/index.php\/wp-json\/wp\/v2\/product"}],"about":[{"href":"https:\/\/rociolamichesteticayspa.com\/index.php\/wp-json\/wp\/v2\/types\/product"}],"wp:featuredmedia":[{"embeddable":true,"href":"https:\/\/rociolamichesteticayspa.com\/index.php\/wp-json\/wp\/v2\/media\/401"}],"wp:attachment":[{"href":"https:\/\/rociolamichesteticayspa.com\/index.php\/wp-json\/wp\/v2\/media?parent=418"}],"wp:term":[{"taxonomy":"product_brand","embeddable":true,"href":"https:\/\/rociolamichesteticayspa.com\/index.php\/wp-json\/wp\/v2\/product_brand?post=418"},{"taxonomy":"product_cat","embeddable":true,"href":"https:\/\/rociolamichesteticayspa.com\/index.php\/wp-json\/wp\/v2\/product_cat?post=418"},{"taxonomy":"product_tag","embeddable":true,"href":"https:\/\/rociolamichesteticayspa.com\/index.php\/wp-json\/wp\/v2\/product_tag?post=418"}],"curies":[{"name":"wp","href":"https:\/\/api.w.org\/{rel}","templated":true}]}}