{"id":416,"date":"2024-06-04T12:30:01","date_gmt":"2024-06-04T16:30:01","guid":{"rendered":"https:\/\/rociolamichesteticayspa.com\/?post_type=product&#038;p=416"},"modified":"2025-09-22T14:39:26","modified_gmt":"2025-09-22T18:39:26","slug":"shine-stop-hydro-sebum-regulating-gel-cream-gel-seboequilibrante-selectivo","status":"publish","type":"product","link":"https:\/\/rociolamichesteticayspa.com\/index.php\/product\/shine-stop-hydro-sebum-regulating-gel-cream-gel-seboequilibrante-selectivo\/","title":{"rendered":"Shine Stop Hydro Sebum Regulating Gel Cream Gel Seboequilibrante Selectivo"},"content":{"rendered":"<p>Cremigel hidratante de acci\u00f3n seborreguladora<\/p>\n<p>\u00bfPara qui\u00e9n est\u00e1 indicado?<br \/>\nIndicado especialmente para pieles mixtas, grasas y\/o con tendencia acneica. Especialmente necesiten un cuidado hidratante que mantenga la piel libre de imperfecciones y matificada.<\/p>\n<p>Acci\u00f3n<br \/>\nRegula el exceso de sebo y brillos en la piel a la vez que corrige y previene las imperfecciones propias de las pieles grasas.<\/p>\n<p>Reequilibra, hidrata, reconforta y ayuda espec\u00edficamente a las pieles mixtas, grasas y\/o con tendencia acneica a regular el exceso de sebo y brillos en la piel, manteni\u00e9ndola sana y bonita.<\/p>\n<p>Resultados<br \/>\nReequilibra, hidrata, reconforta y regula el exceso de sebo y brillos en la piel, manteni\u00e9ndola sana y bonita.<\/p>\n<p>Activos<br \/>\nFDS TECH de encapsulaci\u00f3n en liposomas, gracias a la cual se libera Zinc directamente en la gl\u00e1ndula seb\u00e1cea para una acci\u00f3n seborreguladora inteligente, con efecto matificante sobre la piel.<\/p>\n<p>QUORA TECH, potente equilibrante microbiano, de efecto antimperfecciones que reduce y previene la aparici\u00f3n de espinillas, acn\u00e9, comedones, poro sucio y\/o dilatado consiguiendo un poro visualmente m\u00e1s peque\u00f1o.<\/p>\n<p>PORE MINIMIZER, de acci\u00f3n astringente, que mejora el aspecto visible de la piel grasa ya que reduce la apariencia de poros y mejora la textura de la piel.<\/p>\n<p>HYDRA+, de acci\u00f3n hidratante 24h, refuerza la barrera cut\u00e1nea de la piel favoreciendo que la piel mantenga su nivel de hidrataci\u00f3n \u00f3ptimo.<\/p>\n<p>Modo de empleo<br \/>\nAplicar, ma\u00f1ana y noche, sobre el rostro y cuello limpios hasta su total absorci\u00f3n.<\/p>\n<p>Capacidad<br \/>\n50 ml.<\/p>\n","protected":false},"excerpt":{"rendered":"<p>Cremigel hidratante de acci\u00f3n seborreguladora \u00bfPara qui\u00e9n est\u00e1 indicado? Indicado especialmente para pieles mixtas, grasas y\/o con tendencia acneica. Especialmente necesiten un cuidado hidratante que mantenga la piel libre de imperfecciones y matificada. Acci\u00f3n Regula el exceso de sebo y brillos en la piel a la vez que corrige y previene las imperfecciones propias de [&hellip;]<\/p>\n","protected":false},"featured_media":399,"template":"","meta":{"_joinchat":[]},"product_brand":[],"product_cat":[27],"product_tag":[],"class_list":{"0":"post-416","1":"product","2":"type-product","3":"status-publish","4":"has-post-thumbnail","6":"product_cat-prodcutos","8":"first","9":"instock","10":"shipping-taxable","11":"purchasable","12":"product-type-simple"},"tiered_pricing_type":"fixed","tiered_pricing_fixed_rules":[],"tiered_pricing_percentage_rules":[],"tiered_pricing_minimum":1,"tiered_pricing_roles_data":[],"_links":{"self":[{"href":"https:\/\/rociolamichesteticayspa.com\/index.php\/wp-json\/wp\/v2\/product\/416","targetHints":{"allow":["GET"]}}],"collection":[{"href":"https:\/\/rociolamichesteticayspa.com\/index.php\/wp-json\/wp\/v2\/product"}],"about":[{"href":"https:\/\/rociolamichesteticayspa.com\/index.php\/wp-json\/wp\/v2\/types\/product"}],"wp:featuredmedia":[{"embeddable":true,"href":"https:\/\/rociolamichesteticayspa.com\/index.php\/wp-json\/wp\/v2\/media\/399"}],"wp:attachment":[{"href":"https:\/\/rociolamichesteticayspa.com\/index.php\/wp-json\/wp\/v2\/media?parent=416"}],"wp:term":[{"taxonomy":"product_brand","embeddable":true,"href":"https:\/\/rociolamichesteticayspa.com\/index.php\/wp-json\/wp\/v2\/product_brand?post=416"},{"taxonomy":"product_cat","embeddable":true,"href":"https:\/\/rociolamichesteticayspa.com\/index.php\/wp-json\/wp\/v2\/product_cat?post=416"},{"taxonomy":"product_tag","embeddable":true,"href":"https:\/\/rociolamichesteticayspa.com\/index.php\/wp-json\/wp\/v2\/product_tag?post=416"}],"curies":[{"name":"wp","href":"https:\/\/api.w.org\/{rel}","templated":true}]}}

<p>Cremigel hidratante de acción seborreguladora</p>
<p>¿Para quién está indicado?<br />
Indicado especialmente para pieles mixtas, grasas y/o con tendencia acneica. Especialmente necesiten un cuidado hidratante que mantenga la piel libre de imperfecciones y matificada.</p>
<p>Acción<br />
Regula el exceso de sebo y brillos en la piel a la vez que corrige y previene las imperfecciones propias de las pieles grasas.</p>
<p>Reequilibra, hidrata, reconforta y ayuda específicamente a las pieles mixtas, grasas y/o con tendencia acneica a regular el exceso de sebo y brillos en la piel, manteniéndola sana y bonita.</p>
<p>Resultados<br />
Reequilibra, hidrata, reconforta y regula el exceso de sebo y brillos en la piel, manteniéndola sana y bonita.</p>
<p>Activos<br />
FDS TECH de encapsulación en liposomas, gracias a la cual se libera Zinc directamente en la glándula sebácea para una acción seborreguladora inteligente, con efecto matificante sobre la piel.</p>
<p>QUORA TECH, potente equilibrante microbiano, de efecto antimperfecciones que reduce y previene la aparición de espinillas, acné, comedones, poro sucio y/o dilatado consiguiendo un poro visualmente más pequeño.</p>
<p>PORE MINIMIZER, de acción astringente, que mejora el aspecto visible de la piel grasa ya que reduce la apariencia de poros y mejora la textura de la piel.</p>
<p>HYDRA+, de acción hidratante 24h, refuerza la barrera cutánea de la piel favoreciendo que la piel mantenga su nivel de hidratación óptimo.</p>
<p>Modo de empleo<br />
Aplicar, mañana y noche, sobre el rostro y cuello limpios hasta su total absorción.</p>
<p>Capacidad<br />
50 ml.</p>

<p>Cremigel hidratante de acción seborreguladora ¿Para quién está indicado? Indicado especialmente para pieles mixtas, grasas y/o con tendencia acneica. Especialmente necesiten un cuidado hidratante que mantenga la piel libre de imperfecciones y matificada. Acción Regula el exceso de sebo y brillos en la piel a la vez que corrige y previene las imperfecciones propias de [&hellip;]</p>
